der when q(-3) is divided by 49?
43
Suppose -4*k - 20 = 2*y, 2*y = -2*k + 6*k - 4. Let z be 2/(y/3)*-99. Let x = z + -47. Calculate the remainder when x is divided by 11.
8
Let y = 6759 - 6747. Let a = 10 - 6. Let m(z) = 2*z - 1. What is the remainder when y is divided by m(a)?
5
Let v be ((-6)/(-5))/(2/(-5)). Calculate the remainder when 32 is divided by (-24)/v + 4*1.
8
Suppose -3*w + 5*p = -7*w + 42, -2*p + 4 = 0. Calculate the remainder when 45 is divided by w.
5
Let x be 3 + (1 - (-3 - -8) - 1). What is the remainder when 12*(-3)/x*4/8 is divided by (2 + 4)*(-2)/(-2)?
3
What is the remainder when 74 is divided by 152/6 - (-2)/3?
22
Suppose -27 + 93 = 2*u. Suppose 6*y - u = -9. What is the remainder when 19 is divided by y?
3
Let n = -45 - -59. What is the remainder when 76 is divided by n?
6
Let b = 294 + -255. What is the remainder when 192 is divided by b?
36
Let i(f) = 2*f**2 - 6*f + 29. What is the remainder when i(12) is divided by 62?
59
Suppose -2*l + 4*b = 3*l - 82, -5*l - 2*b = -94. Let n = -3 + l. Suppose 4*f - 204 = f + 4*k, 5*f - 375 = -5*k. Calculate the remainder when f is divided by n.
12
Let j = -69 - -79. What is the remainder when (8/(-1))/(18/(-63)) is divided by j?
8
Let u = 127 + 4. Calculate the remainder when u is divided by 22.
21
Let p be 1 + (-15)/(-9)*3. Suppose -7 = n + 1. What is the remainder when p/n + 79/4 is divided by 7?
5
Suppose -5*b + 7 = -8. Let z(o) = -o**3 - 12*o**2 + 11*o - 12. Calculate the remainder when z(-13) is divided by b.
2
Let r(z) = 12*z**2 - 32*z + 98. Calculate the remainder when r(3) is divided by 46.
18
Let i = 7 - 24. Let r = i - -34. What is the remainder when 65 is divided by r?
14
Let q be (-206)/(-10) + -1 + 39/(-65). Suppose -5 = -3*c + q. What is the remainder when 39 is divided by c?
7
Suppose -k - 5 = 2*d, 0 = -29*k + 34*k + 3*d - 10. What is the remainder when 298 is divided by k?
3
Suppose -2*a + 40 = -4*v + 6, 4*v = -a + 17. Calculate the remainder when 57 is divided by a.
6
Let t = 74 + -61. Calculate the remainder when 16 is divided by t.
3
Suppose s + s - 68 = 0. Let f(l) = l**2 + l + 3. Let m be f(-7). Calculate the remainder when -11*-1*m/5 is divided by s.
31
Let n(m) = 3*m + 2. Let x be n(3). Suppose -7*o = -x*o + 88. What is the remainder when 60 is divided by o?
16
Let u(i) = i**2 - 5*i - 3. Let c be 2/9 + 212/18. Let s = c + -6. Calculate the remainder when u(8) is divided by s.
3
Let s be (-105)/(-75) - (-6)/10. Suppose -s*d + 210 + 96 = 0. Calculate the remainder when d is divided by 39.
36
Calculate the remainder when 128 is divided by 6/6 - 0 - (-3 - 39).
42
Suppose 5*w + 5*r = 2075, 11*w = 13*w - 3*r - 845. Calculate the remainder when w is divided by 70.
68
Let u be -1 - (-3)/5 - 2532/(-30). Suppose -6*a = -24 - u. Suppose -2*z = 2*x - 18, 2*x = 6*x + 4. What is the remainder when a is divided by z?
8
Let p(h) = 490*h + 25. What is the remainder when p(2) is divided by 53?
51
Let r(j) = -3*j**2 - 103*j - 58. What is the remainder when r(-33) is divided by 20?
14
Let t(s) = -s**2 - 52*s - 78. Calculate the remainder when t(-47) is divided by 64.
29
Suppose 30*a - 196 + 76 = 0. What is the remainder when 9 is divided by a?
1
Suppose -u + 2 = -3. Suppose -i = -u*i + 4, 4*f - 50 = 2*i. Calculate the remainder when f is divided by 2 + -1*(-2)/1.
1
Suppose -415 = -6*y + y - 5*s, 4*y - s - 332 = 0. Let w = y - 68. Calculate the remainder when 71 is divided by w.
11
Let i(c) = -c**3 - 9*c**2 - 8*c + 11. Let l be 70/(-9) + 6/(-27)*1. What is the remainder when 51 is divided by i(l)?
7
Let h(m) = -6*m - 23. Calculate the remainder when 26 is divided by h(-5).
5
Suppose 0*h = -5*h + 175. Suppose -43*k + h*k + 248 = 0. What is the remainder when 90 is divided by k?
28
Calculate the remainder when 47 is divided by -12 + 610/50 - 29/(-5).
5
Suppose 4*g + 2*s + 1016 = 0, 3*s = -g + 6*s - 247. Let l = -325 + 148. Let r = l - g. What is the remainder when r is divided by 26?
24
Let z be 2/(-7) - 12/(-42). Suppose 0*w + 53 = 3*w + 2*a, z = 3*a - 12. What is the remainder when w is divided by 6?
3
Suppose -5*b = -2*g + 5, -2*g + 4 = -2*b - 2*b. Suppose g = -5*j + 4*j. Suppose j = -0*v - v + 27. What is the remainder when 78 is divided by v?
24
Let d = 193 - 143. What is the remainder when 143 is divided by d?
43
Let b(a) = 49 + 26*a - 14*a**2 + 2 - a**3 - 11*a**2. What is the remainder when b(-26) is divided by 6?
3
Suppose -7*h = -22*h + 285. Let t be 6*(-1)/4*-2. Suppose -2*f + 0*v + t*v + 8 = 0, 4*v = -f + 26. What is the remainder when h is divided by f?
9
Suppose 0 = 5*g + 4*m - 57, 0 = g - 2*m - 3. Suppose 10*d - g*d + 9 = 4*r, r + 4*d = -2. What is the remainder when 5 is divided by r?
1
Suppose -3 = -4*n + 9. Suppose 3*m - 9 = -n. Calculate the remainder when 5 is divided by m.
1
Suppose -2*d - 3*g = -12, -d + g - 3 = -2*g. Suppose -d*s + 61 = -5*k, 3*s + k = 4*s - 19. What is the remainder when 82 is divided by s?
14
Let c(g) = -11*g. Calculate the remainder when c(-7) is divided by 26.
25
Let g = -10 - -4. Let f = 7 + g. Calculate the remainder when 19 is divided by 10*f + (2 - 5).
5
Suppose -7*u + 94 = -5*u - 2*f, -5*f = 2*u - 80. Calculate the remainder when u is divided by 17.
11
Let c = 1544 + -1442. Let d = 80 + -57. Calculate the remainder when c is divided by d.
10
Let a = 95 - -40. Suppose -7*n + n = -204. What is the remainder when a is divided by n?
33
Let p be ((-6)/9*-3)/1. Suppose p*z = 4*z - 4. Suppose 0 = -6*k + 2*k + 20, -z*k - 2 = -2*a. What is the remainder when 16 is divided by a?
4
Suppose 5*j - 3*j - 42 = 0. Let w be ((-74)/4)/((-4)/8). Suppose 40 = z + 4*z - 5*q, 0 = 2*z + 5*q - w. What is the remainder when j is divided by z?
10
Let v = -37 + 19. Let h = v + 24. Calculate the remainder when 22 is divided by h.
4
Let v be (-1125)/(-10) - 6/4. Suppose 8*u - 5*u + 5*s - 77 = 0, 4 = s. Calculate the remainder when (4/(-3))/(-2)*v is divided by u.
17
What is the remainder when ((-21)/(-18))/7 - (-58919)/114 is divided by 104?
101
Suppose -35 = 2*i - 7*i. What is the remainder when 828/21 - 3/i is divided by 21?
18
Let s = 14 - 15. Let u = 34 - s. Calculate the remainder when u is divided by 11.
2
Suppose 3*o = -4*v - 0 + 11, 5*o - 2*v = 1. Let s(r) = 23*r + 1. What is the remainder when 67 + (6 - (3 + 0)) is divided by s(o)?
22
Suppose -4*y + 4*m = -344, -5*y + 394 = -m + 5*m. What is the remainder when y is divided by 18?
10
Let w(z) be the second derivative of 31*z**4/12 - 173*z. Suppose v = 5*m + 9 + 7, -v - 4*m = 11. Calculate the remainder when w(v) is divided by 11.
9
Suppose -3*y - i - 124 = -7*y, -5*y - i + 146 = 0. What is the remainder when y is divided by 27?
3
Suppose -h + 1 = -6. What is the remainder when (-6)/5 + 1826/55 is divided by h?
4
Let a(y) = -y**3 + 5*y**2 - 2*y - 2. Let v = 14 - 6. Calculate the remainder when v is divided by a(4).
2
Let u(r) = r**3 + r**2 - 11*r - 4. Calculate the remainder when 108 is divided by u(-3).
9
Suppose -5*n + 215 = -65. Suppose 2*d - 3 = -5, -4*s - 4*d = -n. Calculate the remainder when 56 is divided by s.
11
Let u = -16 + 28. Suppose s - 2 - 40 = 0. What is the remainder when s is divided by u?
6
Suppose -i = -6*i + 440. Suppose -3*a + 5*z + 115 = 0, -5*a + 41 = 3*z - 94. What is the remainder when i is divided by a?
28
Suppose -5*w + 2*x = -w - 84, 0 = 5*w + 2*x - 105. Calculate the remainder when 99 is divided by w.
15
Let b(f) = f**3 + 5 + f + 0*f - 15 - 22*f**2. Let n = -29 + 52. Calculate the remainder when n is divided by b(22).
11
Let r(w) = -w**2 + w + 14. Let v be 0 + 4/(-22) - 336/(-33). Calculate the remainder when (-556)/(-14) + 1/(35/v) is divided by r(0).
12
Let n(a) = -a + 24. Let p be n(18). Suppose 13*t - p*t - 133 = 0. What is the remainder when 69 is divided by t?
12
Suppose -2*f + 82 = 3*k - 3*f, -36 = -2*k - 4*f. Calculate the remainder when k is divided by 2/(-3) - (-100)/15.
2
Let p(a) = 4*a**2 + 178*a + 454. Suppose 3*x + 16 = 49. What is the remainder when p(-42) is divided by x?
1
Let s = -48 - -65. Calculate the remainder when 25 is divided by s.
8
What is the remainder when 111 is divided by 2/(-8) - (-5967)/156?
35
Suppose a + p - 9 = -p, -21 = -4*a - 3*p. What is the remainder when (-15)/9*-10*a is divided by 13?
11
Let q = -35 - -66. Let w = q - 24. What is t